5 + (3 - -4).
-8
What is 1 + (-1 + 5 + -5 - -2)?
2
What is 7 + -3 + 3 + -4?
3
Calculate (-42 + 49 - (1 - -2)) + -1.
3
Evaluate (-2 - -4) + (-48 - -39).
-7
-9 + 9 + (4 - 7)
-3
What is the value of (2 - ((-10 - -5) + 2)) + -9?
-4
Evaluate -10 + 15 + 2 + -4.
3
-4 + 0 + 7 + -2
1
Evaluate (-10 - -6) + -15 + 5 + 4.
-10
(7 - -7) + -11 + (2 - 4)
1
Calculate 1 + (-6 - (2 + -1)).
-6
Calculate -12 + 6 + (4 - 2).
-4
Calculate 0 + -6 - -16 - 7.
3
What is -4 - (7 - (8 + -2))?
-5
Calculate (3 - 0) + (-17 + 0 - -16).
2
Calculate 2 + (1 + -14 - -14).
3
What is 1 + 6 + (29 - 39)?
-3
Calculate -4 + 2 + 11 - 4.
5
What is the value of 0 - (-2 + 4 + -6 - -1)?
3
What is 4 + (1 - (2 + 0))?
3
What is (-11 - (-4 + -2)) + 11?
6
What is the value of (0 + 0 - 5) + 3?
-2
What is 3 + 3 + -6 - 2?
-2
What is 0 - (-9 - (-6 - -2))?
5
Calculate 1 - (2 - (-6 - -3)).
-4
Evaluate 17 - 19 - (-1 - 4).
3
What is the value of 0 + -2 + (9 - 15) + 8?
0
What is -3 - (3 - 0) - -1?
-5
What is -6 + (5 - 4) - -4 - 3?
-4
What is the value of (5 - -5 - (4 + 1)) + 2?
7
What is the value of -3 + 3 + 0 + -4?
-4
-1 + 0 + 1 - -2
2
What is 118 - 108 - (16 + 2)?
-8
What is the value of -7 - -8 - (-3 + 4 + -4)?
4
Evaluate 4 + (-7 + 6 - 2) + 6.
7
Evaluate -6 + 1 + (-19 - -26).
2
11 + 1 + -58 + 50 + -4
0
Calculate (-10 - -4) + (-4 - (-11 + 7)).
-6
What is the value of -4 - (-5 - (1 + 1))?
3
What is 3 + -1 + -8 - -9 - 3?
0
What is the value of 5 - (5 - (10 - 5))?
5
Evaluate 0 + 1 + -12 + 7.
-4
What is 1 + -4 - (11 + -13)?
-1
What is (158 - 159) + (-6 - 1)?
-8
Evaluate (-8 - -7) + 0 + (0 - 1).
-2
Evaluate (7 + -1 - 14) + 0 + 4.
-4
(-2 - (2 - 0)) + (-11 - -10)
-5
What is the value of (-3 - -5) + -2 - (-1 - -2)?
-1
What is the value of 1 + (-1 - (0 - 2))?
2
-6 - -1 - (-48 + 42)
1
What is the value of 6 + -1 + -5 + -3 + 9?
6
Calculate 6 - (15 + 3 + -6 + 0).
-6
What is (7 + -7 - 11) + 9?
-2
Evaluate 5 - ((0 - (3 - 1)) + 8).
-1
(15 - 7) + (4 - (1 - -10))
1
-4 + 2 + 2 + 2 + -1
1
Evaluate 3 + -8 + 3 + -2.
-4
1 - (1 + (-4 - 0) + 3)
1
Evaluate 5 + (6 + -2 - (0 + 5)).
4
-52 - -44 - (1 + 0 + -4)
-5
What is the value of 6 - 20 - (1 - 9)?
-6
-3 + 1 + -3 + (3 - 2)
-4
What is (8 - 7) + 13 - (-2 + 6)?
10
-12 + 3 - (-17 - -13)
-5
What is the value of 9 - (6 - 5 - -9)?
-1
Evaluate 0 - 1 - 4 - (1 - 7).
1
-3 + 2 + 7 - (2 + 1)
3
Calculate 10 + -1 + (-11 - -7).
5
Evaluate -1 + -3 + 2 + 1.
-1
Evaluate 3 - 1 - (19 + -34 + 17).
0
Evaluate 5 - (9 - (-6 + 4 - -6)).
0
Evaluate 7 + (0 - -2 - 7).
2
Calculate 0 + (3 - (0 + -2)).
5
4 + 2 + 0 + 1 + -5
2
What is -7 + 12 + -10 + 15?
10
Calculate (4 - (1 - 1)) + 1.
5
Evaluate (5 - 0) + -27 + 17.
-5
What is the value of 0 + -1 + (0 - (0 - 3))?
2
Calculate -2 + (-1 - (-9 - -4 - -1)).
1
Calculate -3 + 6 + 0 - (0 - 4).
7
Evaluate -4 + 3 - -4 - 2.
1
What is -3 + (3 - (4 + -5)) + 4?
5
What is the value of -3 - (6 - (1 + 3 + 3))?
-2
What is 69 + -72 + 4 + 1?
2
Calculate -6 - (-1 - (1 + -3 + 2)).
-5
What is the value of 7 - (7 - (18 + -8) - -5)?
5
What is the value of (-2 - 0) + (9 - 5)?
2
Evaluate 1 + -6 + 0 + 0.
-5
Calculate -6 - (3 + -4 - (3 + -3)).
-5
What is the value of 1 - 5 - (9 + -5 - 3)?
-5
What is 10 - (0 + 0 - (-2 + -3))?
5
Evaluate -6 - -9 - -1 - (0 + -1).
5
6 + 1 + (6 - 8)
5
1 + (0 - 0) + (-93 - -90)
-2
What is -4 - (11 - 3 - 4)?
-8
Evaluate -3 - (-11 + 8 + 0).
0
What is the value of 10 - 6 - (4 + -1)?
1
What is (-3 - (-2 + -2)) + 6?
7
What is the value of 3 + -7 - (5 + (-1 - 3))?
-5
What is 1 - 1 - (-14 + 19) - -4?
-1
What is 6 - (3 + -2 + 3 + -1)?
3
What is the value of 2 + 3 + -8 + 0 + 9?
6
Calculate -7 + 4 + -4 + 4.
-3
What is -2 + -1 + 3 + -3?
-3
Calculate 1 + -19 - (-135 + 125).
-8
Calculate (-11 - (-2 + -1)) + (0 - -5).
-3
What is the value of 9 + -3 + -6 + 5?
5
What is the value of (-7 - (-19 - -6)) + 0?
6
What is the value of 4 + (-1 - 2) + -7 + 8?
2
What is 5 + (-1 - -4) + -5?
3
Calculate -9 + (8 + -12 - -14).
1
What is -8 - (4 - (-6 + 13))?
-5
Evaluate 0 + -1 + 0 + 0.
-1
-11 - (-1 - -2 - (-51 + 59))
-4
What is the value of 9 + -4 + 5 + -9?
1
Calculate -12 + (1 - -2) - (-7 - -3).
-5
What is ((-8 - -2) + 0 - -3) + 11?
8
Evaluate -6 - (-1 - (-5 + 1) - 9).
0
(0 - (3 + -5)) + -2
0
Calculate -6 + 1 + -14 + (11 - -1).
-7
Calculate 8 - (22 + -9) - (-13 + -1).
9
Calculate -25 - -38 - (7 - -2).
4
3 - (0 - (3 + -10 + 3))
-1
What is 4 + (-11 - -6) - (-7 - -3)?
3
Evaluate -2 + (5 - -2) - (1 + 2).
2
Evaluate (-3 - -1) + -1 + 9 + -4.
2
-9 + 5 - (-2 + 0) - -4
2
14 - 16 - (1 + 0) - 4
-7
What is the value of (-7 - (-1 + -6)) + 2 + 1?
3
(-3 - 0) + (-12 - -13)
-2
-2 + (4 - 3) + 3 - 7
-5
What is 8 + -11 + 3 + -6?
-6
Evaluate -1 + 6 - ((20 - 17) + -5).
7
What is -10 + 3 + -6 + 12?
-1
-2 - (4 - 2) - -1
-3
What is the value of 5 + -3 - (-2 + 2)?
2
(0 - -4) + -10 + 2
-4
What is (3 - 3) + -5 + 1?
-4
(-8 - (-5 + 8 - 4)) + 2
-5
Calculate 17 - 12 - (0 + 3).
2
Calculate 3 + 0 - (-3 + 6) - 5.
-5
What is the value of 2 - (-1 + 2 + -4) - 5?
0
What is the value of 2 - 5 - (1 - 3)?
-1
Calculate (-1 - -1) + (6 - 13).
-7
What is -5 + (-1 + -1 - -9)?
2
Calculate -7 - (-6 + 2) - (-8 - 0).
5
What is the value of (3 + -7 - 9) + 15?
2
11 - ((-16 - -8) + 15) - -4
8
What is the value of (1 + 1 - (10 - 6)) + 2?
0
What is (-6 - (-13 + 8)) + -9?
-10
What is -1 + (1 - -3) + 7 - 4?
6
Evaluate -7 + 5 + -1 + 3 + 1.
1
What is the value of 8 + -8 + (-11 - -10)?
-1
What is (-3 - 2) + 1 + 2?
-2
What is the value of (7 - 4 - 1) + 1?
3
What is (1 - (3 + 1)) + -2?
-5
-6 + 3 - (1 - 3)
-1
0 + (-2 - (5 + -8)) + -2
-1
What is 2 + (1 + 10 - 23)?
-10
What is -9 + 0 + (7 - (5 - 3))?
-4
What is the value of 0 + (8 + -5 - 1)?
2
What is 4 + -4 + (-2 - -2)?
0
What is the value of -2 + (-1 - -2) + -6?
-7
What is 2 + 1 - (42 + -39)?
0
Calculate -10 + (7 + 0 + -4 - 0).
-7
What is the value of 6 + 0 - (-3 + 3 + -1)?
7
Calculate 2 + (-2 - -3) - 1.
2
What is the value of (4 - 10) + -3 + 9?
0
Calculate (8 - 20) + 14 + -9.
-7
Calculate -10 + (20 - (1 + 12)).
-3
Calculate 4 - (-3 + (1 - -4)).
2
0 - (3 + (-3 - -3))
-3
Calculate -1 + -11 + 25 + -19.
-6
0 + 5 + -4 + 3
4
Calculate 0 - (0 - -3 - (2 + 0)).
-1
What is the value of 5 + 2 + -8 + 1?
0
Evaluate -1 + 0 + 2 + 3 + -7.
-3
Calculate -16 + (3 + 5 + 6 - 8).
-10
0 + (0 - ((-1 - 0) + 2))
-1
What is -121 + 115 - (-1 + 1)?
-6
Evaluate 73 + -83 - (-7 + 1 + 2).
-6
What is -6 - -3 - -6 - -1?
4
What is the value of (-7 - -17) + (-8 - (-5 - 0))?
7
What is 7 - (-2 - 4 - -4 - -2)?
7
Calculate -4 - ((6 - 4) + -8).
2
What is the value of -7 + (9 - (9 + -3 + 0))?
-4
-5 + 0 + 4 + -4
-5
3 + 7 + -29 + 16
-3
-2 + 10 + -6 + -1 + 1
2
What is the value of 19 + -4 + 7 + -8 + -7?
7
Calculate 3 - 2 - 7 - -4.
-2
Evaluate 0 + -2 + (-1 - 0) + 6.
3
What is the value of -1 + -1 + (-30 - -34)?
2
What is -6 + (-6 + 4 - -9)?
1
What is the value of 11 + -8 + 3 - 4?
2
(-3 - -8) + (-1 - -4)
8
Calculate -6 + (6 - 4) - (-1 - 0).
-3
What is the value of 1 + 3 - (1 - -3)?
0
Calculate (-7 - -5) + 0 - 10 - -3.
-9
3 + 0 - (5 + -1 + -1)
0
What is the value of -1 - (3 + -7 - -4)?
-1
Calculate -3 + (7 + -6 + 2 - -4).
4
What is the value of (-1 - 0) + (-2 - (-5 + 3))?
-1
What is the value of 25 + -22 + (-2 - 3)?
-2
(3 - -4) + -12 + (-2 - -4)
-3
What is the value of -8 - (-5 - 2 - (-1 + -2))?
-4
Evaluate 1 - -3 - (15 - 7).
-4
What is -10 - -4 - (13 - 25)?
6
-2 + -1 - (1 - 9)
5
Calculate (0 - 0) + -5 + 4.
-1
What is the value of 2 + (6 - 1 - 1)?
6
Evaluate (0 - (8 + -4)) + 6.
2
What is the value of -2 - ((9 - 0) + -9)?
-2
What is the value of 15 + -9 + 1 + 0?
7
4 + 0 + (7 - 7)
4
12 - (-2 - (-5 + 4) - -7)
6
What is -3 + (2 - (-3 - -3 - -3))?
-4
Calculate -92 + 85 - (-17 - -1).
9
-8 - (3 + -4) - (3 - 7)
-3
What is -2 + (2 - 1) - 1?
-2
What is the value of 0 + (2 - -5) + -4?
3
Evaluate (139 - 153) + (25 - 1).
10
What is -3 - -7 - 8 - -6?
2
Calculate (-24 - -16) + -1 + 3.
-6
Evaluate 100 + -86 + (-1 - 6).
7
8 + -2 + -1 + (0 - 2)
3
-3 + 1 + -2 + 3 - 4
-5
What is 1 - (-11 + 11 + 1 + 0)?
0
(16 + -14 - (-2 + 6)) + -3
-5
What is the value of 2 + 2 - (0 + -1)?
5
Calculate -2 + 4 + -3 + 0 - 4.
-5
What is the value of -5 - (-3 - (-3 - -2))?
-3
Calculate 56 + -52 - (1 - 1 - -1).
3
(-3 + 5 - 3) + -3
-4
Calculate -1 - -2 - -1 - (92 - 86).
-4
Evaluate 3 + (0 - -1) + -1.
3
Calculate 3 - 11 - (-3 - 2).
-3
Evaluate -9 - (4 + (-13 - -5)) - 1.
-6
What is -1 + 1 + 1